hat is -12ccb + 9?
-12cc2
In base 5, what is -12131 - -1241?
-10340
In base 6, what is -11012122 + 3?
-11012115
In base 4, what is -12002133 + 1?
-12002132
In base 4, what is -31330 - -211?
-31113
In base 2, what is -101 + -10100011001010?
-10100011001111
In base 6, what is 2253 - -3325?
10022
In base 15, what is 8a - -55e?
5e9
In base 5, what is -133 + 434001?
433313
In base 3, what is 102022200 - -1?
102022201
In base 12, what is 1 + 48040?
48041
In base 14, what is -13 - 15758?
-1576b
In base 12, what is -3 + -10755?
-10758
In base 15, what is -21a + 2b9?
9e
In base 9, what is -433332 - -1?
-433331
In base 12, what is 14b81 - -12b?
150b0
In base 4, what is -1000303023 + -10?
-1000303033
In base 6, what is 1152142 - -43?
1152225
In base 2, what is 1000 - 111101100?
-111100100
In base 2, what is 0 - -1000100111011110111?
1000100111011110111
In base 16, what is -5138 - -2?
-5136
In base 14, what is 0 - 1361c?
-1361c
In base 7, what is -4 + -250351?
-250355
In base 4, what is -21003 + -222?
-21231
In base 9, what is 38 + -2222?
-2173
In base 2, what is 100101101 + -1111100011?
-1010110110
In base 11, what is -2 + -107354?
-107356
In base 10, what is 2174 - 1?
2173
In base 12, what is 3ba + 5237?
5635
In base 8, what is 2 + -233677?
-233675
In base 8, what is 132152 + 3?
132155
In base 7, what is 251 - 1131?
-550
In base 8, what is 25720 + 233?
26153
In base 14, what is 66ca3 - -3?
66ca6
In base 4, what is 102231221 + 11?
102231232
In base 5, what is -141201140 + 11?
-141201124
In base 5, what is 22 + 12134?
12211
In base 11, what is 187084 + -6?
187079
In base 7, what is 4401 - 3035?
1333
In base 13, what is 969 - -3?
96c
In base 13, what is -9 - 755?
-761
In base 7, what is 201 + -1301?
-1100
In base 9, what is 1 - 2676?
-2675
In base 5, what is 121204 - -41?
121300
In base 4, what is -1301 + 10131223?
10123322
In base 5, what is 124 - -21031?
21210
In base 5, what is -11 + -210402?
-210413
In base 14, what is -1902 + 6?
-18da
In base 9, what is 205117 + 3?
205121
In base 16, what is 7e + 94?
112
In base 12, what is 3 + 173431?
173434
In base 16, what is 3aa29 + -3?
3aa26
In base 4, what is 12323 - 13?
12310
In base 16, what is -dc - 276?
-352
In base 9, what is 2 + -12520?
-12517
In base 13, what is 6 - 1538a?
-15384
In base 15, what is -65 + 1110?
109a
In base 14, what is 18bc6 - 4?
18bc2
In base 16, what is -a8f + -75?
-b04
In base 14, what is 1 - d7d?
-d7c
In base 3, what is -11 + -1121210211?
-1121210222
In base 12, what is -16748 - 2a?
-16776
In base 5, what is 1021141 - 320?
1020321
In base 11, what is -39a18 + 2?
-39a16
In base 6, what is 0 + 344535?
344535
In base 10, what is -1 + -231719?
-231720
In base 7, what is 1323200 - -6?
1323206
In base 13, what is 238 + 40?
278
In base 12, what is -29 + 2541?
2514
In base 2, what is 101 - -10101100011000111?
10101100011001100
In base 11, what is -339634 - 3?
-339637
In base 14, what is 1 - -2521?
2522
In base 6, what is -1103 + -55?
-1202
In base 9, what is 21 + -65?
-44
In base 7, what is -2 - 52030?
-52032
In base 11, what is -13 - 7354?
-7367
In base 16, what is 23 - 8f?
-6c
In base 8, what is -53 + -1123?
-1176
In base 13, what is -8cb + 90?
-83b
In base 8, what is 5644146 + 5?
5644153
In base 8, what is 2 + -1324?
-1322
In base 15, what is 2711 - a?
2706
In base 14, what is daa4 - 0?
daa4
In base 15, what is -13 + 3626?
3613
In base 2, what is -101 - -110011011111?
110011011010
In base 10, what is 41807 + 3?
41810
In base 4, what is 13022 + -10210?
2212
In base 14, what is -aa + 249a?
23d0
In base 12, what is 3a - -84b?
889
In base 9, what is -31266 - -4?
-31262
In base 4, what is 10 + 20031231?
20031301
In base 11, what is -1 + -528?
-529
In base 12, what is -5ab1 - -4?
-5aa9
In base 5, what is 44212 - 120?
44042
In base 9, what is 38 - -1557?
1606
In base 8, what is -5 + -344?
-351
In base 3, what is -10 - -1020212221200?
1020212221120
In base 12, what is -12a - 150?
-27a
In base 13, what is 7 + 6b5a?
6b64
In base 11, what is -3 + 2301?
22a9
In base 14, what is 28723 - -4?
28727
In base 4, what is -1111301201 - 3?
-1111301210
In base 12, what is 28 - 813b?
-8113
In base 13, what is 8b0c - -11?
8b20
In base 16, what is -3a745 + -1?
-3a746
In base 12, what is 9a97 - 4?
9a93
In base 4, what is 2 - -1012023?
1012031
In base 11, what is -3a19 + 29?
-39a0
In base 11, what is -1 + -28555?
-28556
In base 7, what is 11110621 + 1?
11110622
In base 9, what is -38 - -2620?
2571
In base 5, what is -23 - -4142?
4114
In base 16, what is -22 - -265d?
263b
In base 8, what is 30441314 + 2?
30441316
In base 14, what is d + 398?
3a7
In base 16, what is 1d - -5541?
555e
In base 13, what is -401 + 92?
-33c
In base 8, what is -67 + -71436?
-71525
In base 3, what is -10012100101121 - 0?
-10012100101121
In base 2, what is 101 - 100011000000?
-100010111011
In base 6, what is -1543322 + -4?
-1543330
In base 11, what is 49 + -34063?
-34015
In base 16, what is -1c + -25a?
-276
In base 14, what is -4 - -17015?
17011
In base 3, what is 2 - -201011120121?
201011120200
In base 3, what is 220001122 - 112?
220001010
In base 5, what is -3 + -14420?
-14423
In base 9, what is 758757 - 15?
758742
In base 2, what is -11 - 101111011100011110?
-101111011100100001
In base 3, what is 1110102021 - 10?
1110102011
In base 3, what is 22 + -20121200?
-20121101
In base 14, what is bcd - 235?
998
In base 12, what is 7a7 - a9?
6ba
In base 9, what is -101400 - -4?
-101385
In base 3, what is 11201211010 - -1100?
11201212110
In base 6, what is 20 + -1501?
-1441
In base 12, what is -4 - 325a5?
-325a9
In base 16, what is -1891 - -367?
-152a
In base 9, what is -3452 - -2054?
-1387
In base 12, what is -1256 + -33?
-1289
In base 15, what is 723a + -4?
7236
In base 2, what is -101101011001010101 + -10?
-101101011001010111
In base 10, what is 107815 + -1?
107814
In base 15, what is 19 - -9374?
938d
In base 6, what is -20530420 + -20?
-20530440
In base 14, what is 43 + 1944?
1987
In base 6, what is -1434 - 5452?
-11330
In base 8, what is 5126 + 1034?
6162
In base 5, what is -4034 + -411?
-10000
In base 16, what is 3 + -f905?
-f902
In base 16, what is -8fd91 - -2?
-8fd8f
In base 12, what is -12080 - 3?
-12083
In base 15, what is 5 + -13e83?
-13e7d
In base 3, what is 20000 + -22010021?
-21220021
In base 5, what is -12 + 42140042?
42140030
In base 10, what is 30421 - -7?
30428
In base 13, what is aa50 - -a?
aa5a
In base 11, what is -61 - -6226?
6175
In base 8, what is -4 + -1361455?
-1361461
In base 5, what is 2 + -1243204?
-1243202
In base 6, what is 3 - 5535353?
-5535350
In base 8, what is 40 - 171?
-131
In base 8, what is 33 + 106564?
106617
In base 4, what is 13001 - 20?
12321
In base 3, what is 12 + -1011210120022?
-1011210120010
In base 8, what is 4 - 531434?
-531430
In base 14, what is -6 + 12b10?
12b08
In base 10, what is 1512 + -7?
1505
In base 15, what is -d0 - bec?
-ccc
In base 16, what is -1f5cb3 + 5?
-1f5cae
In base 2, what is -11011000 - -101111111001?
101100100001
In base 5, what is -130 + 244?
114
In base 12, what is -436619 + 5?
-436614
In base 7, what is 2 + -6133013?
-6133011
In base 3, what is -1002220 + -1001?
-1010221
In base 14, what is -17a + 3b1?
235
In base 4, what is -1233 + 23203?
21310
In base 15, what is 3 - 945e8?
-945e5
In base 11, what is -60 + -96?
-146
In base 2, what is 10001000 + 10001111?
100010111
In base 5, what is 302030 + 32?
302112
In base 10, what is 24 - -59?
83
In base 14, what is -c6 - 25?
-10b
In base 3, what is -21220 + -10202?
-102122
In base 15, what is -23 + 2306?
22d3
In base 4, what is -13 + -1320130?
-1320203
In base 7, what is -11 - 563662?
-564003
In base 10, what is 3112208 - -5?
3112213
In base 13, what is -348a1 - -5?
-34899
In base 7, what is -146200 + 34?
-146133
In base 2, what is 10 + 100100010101010011?
100100010101010101
In base 15, what is -c + -45ee?
-460b
In base 13, what is 1c711 - a?
1c704
In base 8, what is -73 - 7047?
-7142
In base 16, what is -ab5 - 8?
-abd
In base 11, what is -2938a + 31?
-29359
In base 13, what is -719b6 + 1?
-719b5
In base 6, what is 11053 - 41?
11012
In base 5, what is 231304 + -12?
231242
In base 8, what is -4 + 1372?
1366
In base 2, what is 100 + -1010000000101?
-1010000000001
In base 4, what is 122 + 30111133?
30111321
In base 2, what is -10010101 